 prime factors of 15060204?
2, 3, 418339
List the prime factors of 9880224.
2, 3, 101, 1019
List the prime factors of 2469959.
29, 53, 1607
What are the prime factors of 414738?
2, 3, 23041
List the prime factors of 286239.
3, 95413
What are the prime factors of 387240?
2, 3, 5, 7, 461
What are the prime factors of 157033?
373, 421
List the prime factors of 52245.
3, 5, 43
List the prime factors of 319433.
319433
What are the prime factors of 10768397?
10768397
What are the prime factors of 316886?
2, 158443
List the prime factors of 931903.
7, 67, 1987
What are the prime factors of 1042430?
2, 5, 104243
What are the prime factors of 83354?
2, 71, 587
What are the prime factors of 1035643?
7, 147949
List the prime factors of 2484946.
2, 97, 12809
List the prime factors of 6150220.
2, 5, 307511
What are the prime factors of 13155158?
2, 6577579
What are the prime factors of 12082603?
13, 929431
What are the prime factors of 308040?
2, 3, 5, 17, 151
List the prime factors of 98672.
2, 7, 881
What are the prime factors of 1587150?
2, 3, 5, 3527
List the prime factors of 243691.
7, 31, 1123
What are the prime factors of 98082?
2, 3, 5449
What are the prime factors of 3665057?
11, 333187
List the prime factors of 2539849.
13, 29, 6737
List the prime factors of 1045274.
2, 522637
What are the prime factors of 34194992?
2, 13, 79, 2081
What are the prime factors of 340485?
3, 5, 22699
What are the prime factors of 9604673?
13, 811, 911
List the prime factors of 361250.
2, 5, 17
List the prime factors of 1229155.
5, 43, 5717
List the prime factors of 117814.
2, 58907
What are the prime factors of 4657698?
2, 3, 19, 13619
List the prime factors of 6067151.
293, 20707
What are the prime factors of 13080220?
2, 5, 654011
List the prime factors of 916157.
11, 37, 2251
List the prime factors of 30692929.
859, 35731
What are the prime factors of 246805?
5, 13, 3797
What are the prime factors of 17916409?
7, 365641
What are the prime factors of 209288?
2, 26161
List the prime factors of 1615653.
3, 13, 4603
List the prime factors of 83338.
2, 41669
List the prime factors of 185875.
5, 1487
List the prime factors of 2881.
43, 67
List the prime factors of 5512457.
103, 109, 491
What are the prime factors of 73210?
2, 5, 7321
What are the prime factors of 6348390?
2, 3, 5, 29, 7297
What are the prime factors of 257376?
2, 3, 7, 383
What are the prime factors of 2836473?
3, 211, 4481
List the prime factors of 1540474.
2, 13, 179, 331
List the prime factors of 135725.
5, 61, 89
List the prime factors of 126442.
2, 191, 331
List the prime factors of 13327234.
2, 6663617
List the prime factors of 609034.
2, 304517
List the prime factors of 3080594.
2, 11, 31, 4517
What are the prime factors of 174626?
2, 87313
What are the prime factors of 5712627?
3, 449, 4241
List the prime factors of 2069365.
5, 109, 3797
List the prime factors of 27099538.
2, 13549769
List the prime factors of 219829.
219829
List the prime factors of 658059.
3, 219353
What are the prime factors of 811359?
3, 17, 5303
What are the prime factors of 1326085?
5, 17, 15601
What are the prime factors of 5996860?
2, 5, 299843
What are the prime factors of 4985695?
5, 11, 13, 19, 367
List the prime factors of 14553766.
2, 29, 59, 4253
What are the prime factors of 39392?
2, 1231
What are the prime factors of 19255914?
2, 3, 356591
What are the prime factors of 54802?
2, 11, 47, 53
What are the prime factors of 2815556?
2, 409, 1721
What are the prime factors of 36549?
3, 31, 131
What are the prime factors of 742677?
3, 13, 137, 139
List the prime factors of 6107279.
31, 197009
List the prime factors of 550365.
3, 5, 36691
What are the prime factors of 157774?
2, 78887
List the prime factors of 8578316.
2, 29, 73951
What are the prime factors of 1748804?
2, 437201
List the prime factors of 4883770.
2, 5, 47, 10391
List the prime factors of 135022.
2, 67511
What are the prime factors of 5498930?
2, 5, 97, 5669
What are the prime factors of 347579?
347579
What are the prime factors of 183886?
2, 91943
List the prime factors of 10817635.
5, 2163527
What are the prime factors of 70497?
3, 7, 373
What are the prime factors of 1647161?
1647161
List the prime factors of 1257806.
2, 11, 57173
List the prime factors of 6866275.
5, 13, 37, 571
List the prime factors of 1144401.
3, 381467
List the prime factors of 5578884.
2, 3, 31, 4999
List the prime factors of 1797817.
7, 256831
List the prime factors of 3979033.
617, 6449
List the prime factors of 10878160.
2, 5, 135977
List the prime factors of 1481502.
2, 3, 11, 22447
List the prime factors of 1139372.
2, 13, 21911
List the prime factors of 15553.
103, 151
List the prime factors of 438929.
31, 14159
List the prime factors of 8684499.
3, 2894833
List the prime factors of 27019365.
3, 5, 23, 78317
List the prime factors of 551751.
3, 183917
What are the prime factors of 3281910?
2, 3, 5, 109397
List the prime factors of 666566.
2, 333283
List the prime factors of 186653.
186653
List the prime factors of 6103812.
2, 3, 11, 13, 3557
List the prime factors of 2737062.
2, 3, 73, 2083
List the prime factors of 20255.
5, 4051
What are the prime factors of 112013?
11, 17, 599
List the prime factors of 69885.
3, 5, 1553
List the prime factors of 189639.
3, 19, 1109
List the prime factors of 420646.
2, 210323
List the prime factors of 17341068.
2, 3, 653, 2213
List the prime factors of 1757197.
13, 29, 59, 79
List the prime factors of 1194748.
2, 298687
What are the prime factors of 5183079?
3, 11, 17, 9239
What are the prime factors of 16415260?
2, 5, 820763
List the prime factors of 447779.
447779
List the prime factors of 9766836.
2, 3, 19, 109, 131
List the prime factors of 751358.
2, 197, 1907
List the prime factors of 44320.
2, 5, 277
List the prime factors of 25668626.
2, 12834313
List the prime factors of 260270.
2, 5, 17, 1531
List the prime factors of 114381.
3, 71, 179
What are the prime factors of 175158?
2, 3, 37, 263
What are the prime factors of 20852391?
3, 7, 141853
List the prime factors of 410065.
5, 82013
What are the prime factors of 55493?
211, 263
List the prime factors of 419637.
3, 43, 3253
What are the prime factors of 3846662?
2, 73, 26347
List the prime factors of 3984470.
2, 5, 7, 56921
What are the prime factors of 3001078?
2, 17, 61, 1447
What are the prime factors of 2041506?
2, 3, 113417
List the prime factors of 168098.
2, 7, 12007
List the prime factors of 13830411.
3, 7, 658591
What are the prime factors of 288354?
2, 3, 11, 17, 257
List the prime factors of 715640.
2, 5, 17891
List the prime factors of 837490.
2, 5, 89, 941
What are the prime factors of 135433?
135433
List the prime factors of 23536338.
2, 3, 7, 149, 3761
What are the prime factors of 2061214?
2, 23, 44809
What are the prime factors of 21452635?
5, 41, 227, 461
List the prime factors of 1015735.
5, 7, 29021
What are the prime factors of 66122?
2, 7, 4723
What are the prime factors of 4988917?
4988917
List the prime factors of 357576.
2, 3, 47, 317
List the prime factors of 223284.
2, 3, 23, 809
List the prime factors of 321520.
2, 5, 4019
List the prime factors of 812663.
557, 1459
What are the prime factors of 530488?
2, 7, 9473
What are the prime factors of 331235?
5, 31, 2137
List the prime factors of 187720.
2, 5, 13, 19
What are the prime factors of 286985?
5, 57397
What are the prime factors of 10338818?
2, 7, 738487
List the prime factors of 7310714.
2, 17, 53, 4057
List the prime factors of 220318.
2, 7, 15737
List the prime factors of 478473.
3, 159491
What are the prime factors of 9665966?
2, 79, 131, 467
List the prime factors of 285931.
19, 101, 149
List the prime factors of 1128765.
3, 5, 11, 6841
What are the prime factors of 2597858?
2, 67, 19387
What are the prime factors of 5049257?
47, 53, 2027
What are the prime factors of 11338113?
3, 3779371
List the prime factors of 36818.
2, 41, 449
What are the prime factors of 2973123?
3, 330347
List the prime factors of 3098636.
2, 31, 24989
List the prime factors of 418588.
2, 227, 461
List the prime factors of 1354567.
19, 71293
List the prime factors of 9340844.
2, 2335211
List the prime factors of 155940.
2, 3, 5, 23, 113
List the prime factors of 278729.
11, 25339
List the prime factors of 6366420